{"id":778,"date":"2017-10-03T08:41:22","date_gmt":"2017-10-03T08:41:22","guid":{"rendered":"http:\/\/www.kavacikailesagligimerkezi.com\/?page_id=778"},"modified":"2025-03-19T16:14:48","modified_gmt":"2025-03-19T13:14:48","slug":"hemsire-nuray-caliskan","status":"publish","type":"page","link":"http:\/\/www.kavacikailesagligimerkezi.com\/index.php\/diger-personellerimiz\/hemsire-nuray-caliskan\/","title":{"rendered":"Hem\u015fire Nuray ULUDA\u011e"},"content":{"rendered":"<p><img decoding=\"async\" loading=\"lazy\" class=\"alignleft wp-image-4546 size-medium\" title=\".\" src=\"http:\/\/www.kavacikailesagligimerkezi.com\/wp-content\/uploads\/2F3DA1FA-CA22-4D91-A22C-5A85E627C969-169x300.jpg\" alt=\"\" width=\"169\" height=\"300\" srcset=\"http:\/\/www.kavacikailesagligimerkezi.com\/wp-content\/uploads\/2F3DA1FA-CA22-4D91-A22C-5A85E627C969-169x300.jpg 169w, http:\/\/www.kavacikailesagligimerkezi.com\/wp-content\/uploads\/2F3DA1FA-CA22-4D91-A22C-5A85E627C969-576x1024.jpg 576w, http:\/\/www.kavacikailesagligimerkezi.com\/wp-content\/uploads\/2F3DA1FA-CA22-4D91-A22C-5A85E627C969-768x1365.jpg 768w, http:\/\/www.kavacikailesagligimerkezi.com\/wp-content\/uploads\/2F3DA1FA-CA22-4D91-A22C-5A85E627C969-864x1536.jpg 864w, http:\/\/www.kavacikailesagligimerkezi.com\/wp-content\/uploads\/2F3DA1FA-CA22-4D91-A22C-5A85E627C969-1152x2048.jpg 1152w, http:\/\/www.kavacikailesagligimerkezi.com\/wp-content\/uploads\/2F3DA1FA-CA22-4D91-A22C-5A85E627C969.jpg 1179w\" sizes=\"(max-width: 169px) 100vw, 169px\" \/><\/p>\n<p>\u00a0<\/p>\n<p>\u00a0<\/p>\n<p>\u00a0<\/p>\n<p>\u00a0<\/p>\n<p>\u00a0<\/p>\n<p>\u00a0<\/p>\n<p>\u00a0<\/p>\n<p>Nuray ULUDA\u011e<\/p>\n<ul>\n<li>1989 \u0130stanbul do\u011fumlu.<\/li>\n<li>2007 B\u00fclent Akarcal\u0131 Haydarpa\u015fa Sa\u011fl\u0131k Meslek Lisesi Hem\u015firelik b\u00f6l\u00fcm\u00fc mezunu.<\/li>\n<li>2007-2010 tarihleri aras\u0131nda \u00f6zel sa\u011fl\u0131k sekt\u00f6r\u00fc yo\u011fun bak\u0131m hem\u015fireli\u011fi ve yo\u011fun bak\u0131m e\u011fitim hem\u015fireli\u011fi yapt\u0131.<\/li>\n<li>2010-2011 y\u0131l\u0131 G\u00f6ztepe E\u011fitim Ara\u015ft\u0131rma Hastanesi Dahiliye Hem\u015fireli\u011fi yapt\u0131.<\/li>\n<\/ul>\n<p><strong>2015 May\u0131s ay\u0131ndan itibaren Zekiye \u015e. Sabri \u00d6zel Aile Sa\u011fl\u0131\u011f\u0131 Merkezi\u2019nde \u00e7al\u0131\u015fmaktad\u0131r.<\/strong><\/p>\n\n\n<p><\/p>\n","protected":false},"excerpt":{"rendered":"<p>ga<\/p>\n","protected":false},"author":1,"featured_media":0,"parent":86,"menu_order":2,"comment_status":"closed","ping_status":"closed","template":"","meta":{"footnotes":""},"_links":{"self":[{"href":"http:\/\/www.kavacikailesagligimerkezi.com\/index.php\/wp-json\/wp\/v2\/pages\/778"}],"collection":[{"href":"http:\/\/www.kavacikailesagligimerkezi.com\/index.php\/wp-json\/wp\/v2\/pages"}],"about":[{"href":"http:\/\/www.kavacikailesagligimerkezi.com\/index.php\/wp-json\/wp\/v2\/types\/page"}],"author":[{"embeddable":true,"href":"http:\/\/www.kavacikailesagligimerkezi.com\/index.php\/wp-json\/wp\/v2\/users\/1"}],"replies":[{"embeddable":true,"href":"http:\/\/www.kavacikailesagligimerkezi.com\/index.php\/wp-json\/wp\/v2\/comments?post=778"}],"version-history":[{"count":14,"href":"http:\/\/www.kavacikailesagligimerkezi.com\/index.php\/wp-json\/wp\/v2\/pages\/778\/revisions"}],"predecessor-version":[{"id":4549,"href":"http:\/\/www.kavacikailesagligimerkezi.com\/index.php\/wp-json\/wp\/v2\/pages\/778\/revisions\/4549"}],"up":[{"embeddable":true,"href":"http:\/\/www.kavacikailesagligimerkezi.com\/index.php\/wp-json\/wp\/v2\/pages\/86"}],"wp:attachment":[{"href":"http:\/\/www.kavacikailesagligimerkezi.com\/index.php\/wp-json\/wp\/v2\/media?parent=778"}],"curies":[{"name":"wp","href":"https:\/\/api.w.org\/{rel}","templated":true}]}}