{"id":788,"date":"2017-10-03T08:42:32","date_gmt":"2017-10-03T08:42:32","guid":{"rendered":"http:\/\/www.kavacikailesagligimerkezi.com\/?page_id=788"},"modified":"2023-08-14T10:19:57","modified_gmt":"2023-08-14T10:19:57","slug":"a-t-t-yasemin-yilmaz","status":"publish","type":"page","link":"http:\/\/www.kavacikailesagligimerkezi.com\/index.php\/diger-personellerimiz\/a-t-t-yasemin-yilmaz\/","title":{"rendered":"A.T.T. Yasemin YILMAZ"},"content":{"rendered":"<p><a href=\"http:\/\/www.kavacikailesagligimerkezi.com\/wp-content\/uploads\/AT_YY.jpg\"><img decoding=\"async\" loading=\"lazy\" class=\"alignnone size-thumbnail wp-image-815\" title=\".\" src=\"http:\/\/www.kavacikailesagligimerkezi.com\/wp-content\/uploads\/AT_YY.jpg\" alt=\"\" width=\"150\" height=\"150\"><\/a><\/p>\n<p>Yasemin YILMAZ<\/p>\n<ul>\n<li>1986 Aksaray do\u011fumlu.<\/li>\n<li>H\u00fcseyin Cahit Korkmaz Sa\u011fl\u0131k Meslek Lisesi A.T.T. mezunu.<\/li>\n<li>2005 y\u0131l\u0131nda Aksaray Devlet Hastanesi\u2019nde Acil b\u00f6l\u00fcm\u00fcnde \u00e7al\u0131\u015ft\u0131.<\/li>\n<li>2010 y\u0131l\u0131nda \u00d6zel Erdem Hastanesi Kad\u0131n do\u011fum Poliklini\u011fin de \u00e7al\u0131\u015ft\u0131.<\/li>\n<\/ul>\n<p><strong>2011 A\u011fustos ay\u0131ndan itibaren Zekiye \u015e. Sabri \u00d6zel Aile Sa\u011fl\u0131\u011f\u0131 Merkezi\u2019nde \u00e7al\u0131\u015fmaktad\u0131r.<\/strong><\/p>\n","protected":false},"excerpt":{"rendered":"<p>ga<\/p>\n","protected":false},"author":1,"featured_media":0,"parent":86,"menu_order":14,"comment_status":"closed","ping_status":"closed","template":"","meta":{"footnotes":""},"_links":{"self":[{"href":"http:\/\/www.kavacikailesagligimerkezi.com\/index.php\/wp-json\/wp\/v2\/pages\/788"}],"collection":[{"href":"http:\/\/www.kavacikailesagligimerkezi.com\/index.php\/wp-json\/wp\/v2\/pages"}],"about":[{"href":"http:\/\/www.kavacikailesagligimerkezi.com\/index.php\/wp-json\/wp\/v2\/types\/page"}],"author":[{"embeddable":true,"href":"http:\/\/www.kavacikailesagligimerkezi.com\/index.php\/wp-json\/wp\/v2\/users\/1"}],"replies":[{"embeddable":true,"href":"http:\/\/www.kavacikailesagligimerkezi.com\/index.php\/wp-json\/wp\/v2\/comments?post=788"}],"version-history":[{"count":6,"href":"http:\/\/www.kavacikailesagligimerkezi.com\/index.php\/wp-json\/wp\/v2\/pages\/788\/revisions"}],"predecessor-version":[{"id":4508,"href":"http:\/\/www.kavacikailesagligimerkezi.com\/index.php\/wp-json\/wp\/v2\/pages\/788\/revisions\/4508"}],"up":[{"embeddable":true,"href":"http:\/\/www.kavacikailesagligimerkezi.com\/index.php\/wp-json\/wp\/v2\/pages\/86"}],"wp:attachment":[{"href":"http:\/\/www.kavacikailesagligimerkezi.com\/index.php\/wp-json\/wp\/v2\/media?parent=788"}],"curies":[{"name":"wp","href":"https:\/\/api.w.org\/{rel}","templated":true}]}}